of 8374?
4
What is the tens digit of 5923?
2
What is the units digit of 3955?
5
What is the units digit of 2211?
1
What is the hundred thousands digit of 151752?
1
What is the thousands digit of 9448?
9
What is the ten thousands digit of 18086?
1
What is the thousands digit of 3218?
3
What is the thousands digit of 23521?
3
What is the thousands digit of 8673?
8
What is the tens digit of 34016?
1
What is the hundreds digit of 23091?
0
What is the units digit of 21223?
3
What is the hundreds digit of 769?
7
What is the tens digit of 2843?
4
What is the tens digit of 313?
1
What is the tens digit of 231?
3
What is the thousands digit of 1192?
1
What is the units digit of 2248?
8
What is the units digit of 1494?
4
What is the units digit of 112962?
2
What is the ten thousands digit of 12916?
1
What is the tens digit of 3498?
9
What is the hundreds digit of 5661?
6
What is the thousands digit of 2153?
2
What is the thousands digit of 2617?
2
What is the units digit of 9765?
5
What is the ten thousands digit of 72071?
7
What is the tens digit of 134?
3
What is the tens digit of 5699?
9
What is the units digit of 17366?
6
What is the tens digit of 2938?
3
What is the units digit of 6389?
9
What is the tens digit of 16412?
1
What is the hundreds digit of 3950?
9
What is the ten thousands digit of 17936?
1
What is the thousands digit of 9780?
9
What is the units digit of 799?
9
What is the thousands digit of 1110?
1
What is the hundreds digit of 19916?
9
What is the ten thousands digit of 92471?
9
What is the thousands digit of 1736?
1
What is the tens digit of 36829?
2
What is the thousands digit of 196405?
6
What is the hundreds digit of 494?
4
What is the tens digit of 6546?
4
What is the ten thousands digit of 16332?
1
What is the thousands digit of 5903?
5
What is the thousands digit of 2804?
2
What is the thousands digit of 1993?
1
What is the thousands digit of 23918?
3
What is the tens digit of 26?
2
What is the units digit of 28836?
6
What is the units digit of 7235?
5
What is the units digit of 1577?
7
What is the tens digit of 2208?
0
What is the hundreds digit of 953?
9
What is the tens digit of 439?
3
What is the thousands digit of 6962?
6
What is the hundreds digit of 36755?
7
What is the hundreds digit of 40176?
1
What is the ten thousands digit of 36366?
3
What is the thousands digit of 1686?
1
What is the hundreds digit of 311?
3
What is the hundred thousands digit of 119289?
1
What is the ten thousands digit of 79659?
7
What is the tens digit of 509?
0
What is the hundreds digit of 2454?
4
What is the tens digit of 5382?
8
What is the thousands digit of 165405?
5
What is the thousands digit of 1518?
1
What is the units digit of 240?
0
What is the tens digit of 2179?
7
What is the thousands digit of 1156?
1
What is the tens digit of 2412?
1
What is the hundreds digit of 1476?
4
What is the tens digit of 2049?
4
What is the tens digit of 10345?
4
What is the tens digit of 90896?
9
What is the units digit of 11226?
6
What is the units digit of 14137?
7
What is the ten thousands digit of 22689?
2
What is the units digit of 62915?
5
What is the hundreds digit of 27891?
8
What is the units digit of 129872?
2
What is the units digit of 852?
2
What is the thousands digit of 6918?
6
What is the tens digit of 887?
8
What is the tens digit of 4160?
6
What is the thousands digit of 14490?
4
What is the units digit of 156681?
1
What is the hundreds digit of 385?
3
What is the tens digit of 12914?
1
What is the units digit of 2668?
8
What is the tens digit of 8792?
9
What is the tens digit of 179797?
9
What is the units digit of 11308?
8
What is the hundreds digit of 101915?
9
What is the units digit of 1920?
0
What is the thousands digit of 5257?
5
What is the ten thousands digit of 10923?
1
What is the units digit of 11701?
1
What is the thousands digit of 110276?
0
What is the tens digit of 846?
4
What is the thousands digit of 18107?
8
What is the units digit of 1246?
6
What is the thousands digit of 2454?
2
What is the tens digit of 819?
1
What is the hundreds digit of 7500?
5
What is the thousands digit of 1671?
1
What is the thousands digit of 2649?
2
What is the thousands digit of 7799?
7
What is the tens digit of 19?
1
What is the tens digit of 3180?
8
What is the hundreds digit of 519?
5
What is the units digit of 2094?
4
What is the thousands digit of 1661?
1
What is the thousands digit of 49930?
9
What is the ten thousands digit of 148271?
4
What is the hundreds digit of 2356?
3
What is the ten thousands digit of 90218?
9
What is the hundreds digit of 43834?
8
What is the units digit of 3932?
2
What is the hundreds digit of 26613?
6
What is the tens digit of 1349?
4
What is the tens digit of 827?
2
What is the tens digit of 1029?
2
What is the units digit of 598?
8
What is the tens digit of 31746?
4
What is the tens digit of 311?
1
What is the tens digit of 59646?
4
What is the ten thousands digit of 48064?
4
What is the tens digit of 880?
8
What is the tens digit of 2734?
3
What is the units digit of 1134?
4
What is the tens digit of 49960?
6
What is the ten thousands digit of 37578?
3
What is the thousands digit of 10913?
0
What is the tens digit of 164?
6
What is the tens digit of 48965?
6
What is the tens digit of 169346?
4
What is the hundreds digit of 12018?
0
What is the hundreds digit of 97095?
0
What is the thousands digit of 36180?
6
What is the tens digit of 8270?
7
What is the hundreds digit of 5231?
2
What is the units digit of 1647?
7
What is the units digit of 23594?
4
What is the units digit of 428?
8
What is the hundreds digit of 1093?
0
What is the tens digit of 1993?
9
What is the hundreds digit of 128?
1
What is the thousands digit of 1401?
1
What is the units digit of 23005?
5
What is the thousands digit of 1496?
1
What is the tens digit of 98042?
4
What is the ten thousands digit of 110191?
1
What is the units digit of 29706?
6
What is the ten thousands digit of 24508?
2
What is the thousands digit of 1355?
1
What is the tens digit of 31390?
9
What is the thousands digit of 1774?
1
What is the hundreds digit of 932?
9
What is the units digit of 620?
0
What is the units digit of 9204?
4
What is the ten thousands digit of 13166?
1
What is the hundreds digit of 7538?
5
What is the units digit of 1708?
8
What is the thousands digit of 5757?
5
What is the hundreds digit of 999?
9
What is the hundreds digit of 466?
4
What is the thousands digit of 52365?
2
What is the ten thousands digit of 142000?
4
What is the hundreds digit of 239?
2
What is the thousands digit of 1125?
1
What is the thousands digit of 5186?
5
What is the tens digit of 7572?
7
What is the thousands digit of 1131?
1
What is the ten thousands digit of 69634?
6
What is the tens digit of 6574?
7
What is the hundreds digit of 96010?
0
What is the tens digit of 733?
3
What is the hundreds digit of 12094?
0
What is the tens digit of 536?
3
What is the units digit of 64?
4
What is the ten thousands digit of 18000?
1
What is the thousands digit of 1452?
1
What is the tens digit of 28428?
2
What is the tens digit of 217?
1
What is the hundreds digit of 24781?
7
What is the hundreds digit of 31420?
4
What is the hundreds digit of 840?
8
What is the hundreds digit of 30791?
7
What is the hundred thousands digit of 107467?
1
What is the thousands digit of 133847?
3
What is the thousands digit of 14590?
4
What is the units digit of 52111?
1
What is the ten thousands digit of 26477?
2
What is the thousands digit of 39736?
9
What is the thousands digit of 1859?
1
What is the hundreds digit of 5125?
1
What is the units digit of 97444?
4
What is the tens digit of 25051?
5
What is the thousands digit of 5262?
5
What is the units digit of 919?
9
What is the ten thousands digit of 139735?
3
What is the units digit of 15351?
1
What is the hundreds digit of 41773?
7
What is the tens digit of 2668?
6
What is the thousands digit of 18874?
8
What is the units digit of 6650?
0
What is the hundreds digit of 583?
5
What is the tens digit of 33883?
8
What is the hundreds digit of 15632?
6
What is the thousands digit of 67809?
7
What is the tens digit of 1668?
6
What is the hundreds digit of 416?
4
What is the thousands digit of 1206?
1
What is the tens digit of 1480?
8
What 